205. Suppose 3*u = 0, x = v - 3*u + 2. List the prime factors of v.
2, 3
Suppose 3 + 5 = 2*o. Suppose -213 = -5*g + o*l, -l + 93 = -0*g + 2*g. Suppose k - 6*k = -g. List the prime factors of k.
3
List the prime factors of 646 + (1 - 3)/(20/40).
2, 3, 107
Suppose -4*z + 6822 - 1888 = -5*c, 2*c - 2458 = -2*z. List the prime factors of z.
1231
Let u(q) = 278*q - 464. List the prime factors of u(4).
2, 3
Let c = 36 + -34. Suppose c*j - b = 5 + 440, -15 = 5*b. What are the prime factors of j?
13, 17
Suppose 2*f + 4*o - 13 = -33, -5*f - 3*o = 36. Let y(c) = -49*c - 39. What are the prime factors of y(f)?
3, 5, 17
Suppose -5*y - 4*a = -61, -3*y = 3*a - 37 - 2. Suppose y*i - 25 = 8*i. List the prime factors of i.
5
Let i = -80 - -115. Suppose -2*o - h - 33 = 0, 7*h = -4*o + 8*h - 51. Let x = i + o. List the prime factors of x.
3, 7
Let f = 839 - -363. What are the prime factors of f?
2, 601
Suppose b + d - 9417 = -3*b, -3*d - 9429 = -4*b. Let w = b - 1525. What are the prime factors of (-2)/(-5) - w/(-50)?
17
Let g be ((-52)/(-6))/(4/(-18)). Let y = 145 + -209. Let h = g - y. List the prime factors of h.
5
Let d(c) = -c**3 + 30*c**2 - 11*c - 85. List the prime factors of d(29).
19, 23
Let z(a) = 2*a - 6. Let n be z(5). Suppose 17*x + 40 = 22*x. Suppose n*v + 104 = x*v. What are the prime factors of v?
2, 13
Suppose t + 2*t = -3. What are the prime factors of (t/2)/(8/(-1168))?
73
Let q(s) = -3*s**2 - 9 - 14 - 7*s + 20 + 4*s**2. List the prime factors of q(11).
41
What are the prime factors of 8*(-60)/(-384) + (-11230)/(-8)?
5, 281
Let q(m) = -2 + 3*m**2 + 2 + 11*m**2 - 1 + 2*m. Let t be q(1). Suppose c - 5*f + t = 0, -3*f = -2*c + f. What are the prime factors of c?
2, 5
Let c = 123 + -120. Suppose -2*x + 7*t = c*t - 28, -x + 4*t = -20. List the prime factors of x.
2
Let o(d) = -2 - 4 + 6 + d. Let p be o(8). Suppose -5*u = -p*u + 156. What are the prime factors of u?
2, 13
Suppose -22*n - 24*n = -158102. What are the prime factors of n?
7, 491
Let a be ((-756)/30)/(-6)*20/6. Let c(m) = m**2 + 6. Let t be c(-6). Let p = t + a. What are the prime factors of p?
2, 7
Let n(a) = 3*a + 5*a**2 + 0*a**3 + a**3 + 0*a**3 + 4. Suppose -2*i = 5*v + 23 - 7, 4*i + 5*v = -22. List the prime factors of n(i).
13
What are the prime factors of (6170/(-18))/((-3)/27)?
5, 617
Let p(h) = 3*h - 3 + 3*h + 0*h - 2*h. Let r be p(2). Suppose r*d + 2*w - 58 = d, 4*d + w = 59. What are the prime factors of d?
3, 5
Suppose n + 0 = 6. Suppose -n*m + 3 + 15 = 0. List the prime factors of m.
3
What are the prime factors of 4861704/1002*((-3)/(-2) - 1)?
2, 1213
List the prime factors of 1165*12/(-15)*18/(-8).
3, 233
Let h(u) = 27*u**2 + 2*u - 1. Let p be 20/6 - (-16)/24. Suppose 3*c = -c + p. List the prime factors of h(c).
2, 7
Let n(w) = 212*w**2 + 27*w - 70. List the prime factors of n(3).
19, 101
Let m = -14 + 14. Suppose 4*i + 4*x - 296 = m, -2*x + x + 230 = 3*i. List the prime factors of i.
2, 3, 13
Let d(v) = -v**2 + 8*v - 1. Let l = -37 - -44. What are the prime factors of d(l)?
2, 3
Let p(b) = b**3 + 8*b**2 - 37*b + 16. List the prime factors of p(9).
2, 5, 53
Suppose 5*o + 520 = c, 0 = 10*c - 9*c + 4*o - 538. What are the prime factors of c?
2, 5, 53
Let f = -143 - -113. Let z = 118 - f. What are the prime factors of z?
2, 37
Suppose -1792 + 8983 = 3*v. List the prime factors of v.
3, 17, 47
Suppose -3*r = 5*y + 6 + 9, y + 3 = 4*r. Suppose -4*q - q + 15 = r. Suppose 0 = 2*h - 3*u + 3 + 6, -q*h = 3*u - 24. List the prime factors of h.
3
Let l = -145 - -227. Let k be ((-74)/(-6))/(1/(-3)). Let f = k + l. What are the prime factors of f?
3, 5
Suppose 7*v - 11*v = -3140. List the prime factors of v.
5, 157
Suppose 5 = 2*z - 3. Suppose -p + 1335 = z*p. Suppose 8*q = 4*q + 3*x + p, 0 = 3*q + 2*x - 196. What are the prime factors of q?
2, 3, 11
Suppose 2*p = -4*s + 42, -3*p + 0*s = 3*s - 66. Let y be -4 - (-60 - -3) - -1. Suppose -7*z + y = -p. List the prime factors of z.
11
Let w(p) = p**3 - 12*p**2 + 11*p + 4. Let i be w(11). Let m(q) = -4*q + q + 7 - i*q + q - q**3 + 6*q**2. What are the prime factors of m(5)?
2
What are the prime factors of 0 - ((-18714)/6)/(-1 + 2)?
3119
Suppose 9*o + 72 = 828. List the prime factors of o.
2, 3, 7
Let o(x) = 4*x**3 - x**2 - 3*x - 3. Let c be o(-2). Let d(n) = -13*n + 3. Let t be d(-3). Let l = t + c. What are the prime factors of l?
3
Let j be (0 + -131)/(-1) + 3. Let a = -50 + j. Let q = -48 + a. What are the prime factors of q?
2, 3
Let j = -46 + 133. Suppose 5 - 2 = -3*k, -2*k = q - j. List the prime factors of q.
89
Let s(x) = 19*x - 7. Let f(k) = -1. Let n(c) = 4*f(c) + s(c). What are the prime factors of n(2)?
3
Let q be (-84)/10 - (-8)/20. Let o be 2/(q/828)*-1. Let v = o + -148. List the prime factors of v.
59
Let v(c) = -12*c**3 - 2*c**2. Let z be (-1)/(-1*(-2)/4). Let t be v(z). Suppose 3*p - t = 4*a, 0 = -5*a - 7 - 13. List the prime factors of p.
2, 3
Let v(n) = n**3 - 8*n**2 - 9*n + 9. Let h(w) = 6*w - 3. Let f be h(2). Let r be v(f). List the prime factors of ((-10)/(-6))/(3/r).
5
Let m = -135 - -235. What are the prime factors of m?
2, 5
Suppose 0 = -6*m + 10*m - 12. Suppose 0*q + 3*q - 21 = m*r, 3*q + 5*r - 53 = 0. List the prime factors of q.
11
Let r = 96 + -5. Suppose -5*v + r = -289. What are the prime factors of v?
2, 19
Let l be ((-10)/(-15))/(-1 + (-11)/(-9)). Suppose 5*v - 300 = -n - l*n, 0 = 2*n - 4*v - 176. List the prime factors of n.
2, 5
Let b = -63 - -56. Let m be (-99)/((-1)/(-32)*-2). List the prime factors of 2/b - m/(-56).
2, 7
What are the prime factors of 159 - -2*(-2)/(-4)?
2, 5
What are the prime factors of 126/36*1602/21?
3, 89
Let i = 2286 + 241. What are the prime factors of i?
7, 19
What are the prime factors of 16*(630/24 - 9)?
2, 3, 23
Let c(t) = -t**3 - 3*t**2 + 2*t + 1. Let o = -8 - -11. Let x be -3 + o/(-1) + 2. List the prime factors of c(x).
3
Let n = -235 + 64. Let u = 255 + n. List the prime factors of u.
2, 3, 7
Suppose n = 2*n - 4*m - 14, 4*n + 3*m = 75. Suppose n + 57 = h. What are the prime factors of h?
3, 5
Let y(b) = b - 5. Let h be y(7). What are the prime factors of 118*((-1)/h + 1)?
59
Let d(b) = b**3 - 19*b**2 - 19*b - 28. Let h be d(20). What are the prime factors of (1 + 0)/((-1)/h)?
2
Let w(v) = -v**2 - v + 10. Suppose 3*p + 3 = 6*p. Let b be 0/(5 - (p + 1)). List the prime factors of w(b).
2, 5
What are the prime factors of 25/(-15) + 2 + (-4030)/(-15)?
269
Let r(w) = -9*w - 9. Let m(k) = -10*k - 10. Let z(v) = 6*m(v) - 7*r(v). Let f(n) = -6*n - 5. Let x(s) = 4*f(s) + 7*z(s). What are the prime factors of x(-1)?
2
Let h = -2 + 12. Let s = 14 - h. List the prime factors of s/(-4)*(1 + -50).
7
Let i = 166 - -64. What are the prime factors of i?
2, 5, 23
Suppose -3*y - 2*q + 4*q + 5 = 0, -y + 5*q - 7 = 0. Suppose y = 3*k - 0*k. Suppose -4*f + v - k = -100, 0 = 2*f - v - 47. List the prime factors of f.
2, 13
Let x = 24 - 16. Let k be ((-147)/(-28))/((-3)/x). Let c = 26 - k. What are the prime factors of c?
2, 5
Let n(f) = -93*f + 59. What are the prime factors of n(-9)?
2, 7
Let i(c) = -c**2 - 15*c + 16. Let n be ((-2 + 4)/(-2) - -16)*-1. List the prime factors of i(n).
2
Let o(y) = y**3 + 7*y**2 - 10*y - 10. Let m be o(-8). Let g(l) = 8*l + 1 + 7 - l**2 - 2*l. List the prime factors of g(m).
2
Let b = 97 + -69. Let l = b - -29. What are the prime factors of l?
3, 19
Suppose 5*u - q - 3*q + 4 = 0, -4 = 3*u - 4*q. Suppose -h + u*h + 18 = 4*f, -5*h = f - 14. What are the prime factors of f/14 - 341/(-7)?
7
Let u be 5/(0 + 4 + -3). Suppose 2*p + v = 69, 3*v - 6*v + 173 = u*p. Suppose 0 = -37*r + p*r + 162. What are the prime factors of r?
2, 3
Let x be (-2)/(-7) + 2/(-7). Suppose x = -n + 5*n + 2*m + 64, -n = -m + 16. List the prime factors of 2/(1 - (-12)/n).
2
Suppose 5*f + 38 = 2*k, k + k - 24 = -2*f. Suppose -k - 14 = -7*j. Suppose 194 = 5*r + 3*y, -3*r - j*y + 9 = -114. What are the prime factors of r?
37
Let l(x) = -x**3 + 21*x**2 + 17*x - 66. What are the prime factors of l(21)?
3, 97
Let y = -36 + 394. List the prime factors of y.
2, 179
Let o(k) = -4*k + 284. List the prime factors of o(20).
2, 3, 17
Suppose -2*z + 5*q + 505 = 0, -4*q - 1228 = -5*z - 3*q. List the prime factors of z.
5, 7
Suppose 0 = -2*g + 391 + 65. Suppose -n = n - g. Suppose -n = -3*o + 4*r, 5*r + 27